n 3302962 is divided by 612.
610
Calculate the remainder when 6741 is divided by 2212.
105
What is the remainder when 371320 is divided by 449?
446
What is the remainder when 92882 is divided by 76?
10
What is the remainder when 2740 is divided by 47?
14
Calculate the remainder when 12408 is divided by 365.
363
Calculate the remainder when 2197211 is divided by 3.
2
What is the remainder when 319356 is divided by 63866?
26
What is the remainder when 46240 is divided by 2312?
0
What is the remainder when 343871 is divided by 7475?
21
Calculate the remainder when 4743 is divided by 296.
7
Calculate the remainder when 9342 is divided by 1037.
9
What is the remainder when 22592 is divided by 230?
52
What is the remainder when 9877 is divided by 1633?
79
What is the remainder when 18592 is divided by 52?
28
Calculate the remainder when 547 is divided by 139.
130
What is the remainder when 16722 is divided by 431?
344
Calculate the remainder when 16234 is divided by 1360.
1274
Calculate the remainder when 51577 is divided by 163.
69
Calculate the remainder when 281261 is divided by 22.
13
What is the remainder when 10877 is divided by 259?
258
Calculate the remainder when 16398 is divided by 5.
3
What is the remainder when 391 is divided by 119?
34
What is the remainder when 251803 is divided by 782?
781
Calculate the remainder when 2855 is divided by 2289.
566
Calculate the remainder when 240928 is divided by 60223.
36
Calculate the remainder when 24535 is divided by 193.
24
What is the remainder when 1337 is divided by 187?
28
Calculate the remainder when 1573 is divided by 98.
5
What is the remainder when 675 is divided by 229?
217
What is the remainder when 278890 is divided by 61?
59
What is the remainder when 203194 is divided by 2309?
2
What is the remainder when 4462 is divided by 1115?
2
Calculate the remainder when 10290 is divided by 12.
6
Calculate the remainder when 142670 is divided by 258.
254
Calculate the remainder when 4046 is divided by 8.
6
What is the remainder when 411559 is divided by 27?
25
What is the remainder when 72061 is divided by 17890?
501
What is the remainder when 5644 is divided by 39?
28
What is the remainder when 1548 is divided by 177?
132
Calculate the remainder when 1375 is divided by 309.
139
Calculate the remainder when 24681 is divided by 132.
129
What is the remainder when 5923 is divided by 2905?
113
What is the remainder when 2180 is divided by 433?
15
Calculate the remainder when 11335 is divided by 285.
220
Calculate the remainder when 762 is divided by 97.
83
What is the remainder when 1263505 is divided by 111?
103
What is the remainder when 1919 is divided by 383?
4
What is the remainder when 270828 is divided by 95?
78
What is the remainder when 631071 is divided by 1635?
1596
What is the remainder when 5973 is divided by 231?
198
Calculate the remainder when 14017 is divided by 14.
3
Calculate the remainder when 56099 is divided by 790.
9
Calculate the remainder when 659998 is divided by 150.
148
Calculate the remainder when 17126 is divided by 99.
98
What is the remainder when 162325 is divided by 413?
16
Calculate the remainder when 5783 is divided by 477.
59
Calculate the remainder when 12107 is divided by 21.
11
Calculate the remainder when 3534 is divided by 413.
230
What is the remainder when 43606 is divided by 46?
44
Calculate the remainder when 4189 is divided by 75.
64
Calculate the remainder when 18660 is divided by 6215.
15
What is the remainder when 1362601 is divided by 38?
35
Calculate the remainder when 5687 is divided by 263.
164
Calculate the remainder when 10328 is divided by 45.
23
Calculate the remainder when 6764 is divided by 957.
65
What is the remainder when 394852 is divided by 56406?
10
Calculate the remainder when 7044 is divided by 708.
672
Calculate the remainder when 55917 is divided by 20.
17
What is the remainder when 38591 is divided by 2411?
15
Calculate the remainder when 642 is divided by 608.
34
Calculate the remainder when 1288 is divided by 66.
34
Calculate the remainder when 3295923 is divided by 306.
303
What is the remainder when 58993 is divided by 11?
0
Calculate the remainder when 22897 is divided by 1092.
1057
Calculate the remainder when 4458 is divided by 1027.
350
Calculate the remainder when 331737 is divided by 58.
35
Calculate the remainder when 17120 is divided by 350.
320
Calculate the remainder when 1249 is divided by 83.
4
What is the remainder when 1666 is divided by 639?
388
What is the remainder when 31622 is divided by 472?
470
Calculate the remainder when 34791 is divided by 2271.
726
What is the remainder when 40782 is divided by 10195?
2
What is the remainder when 709 is divided by 150?
109
What is the remainder when 1199 is divided by 90?
29
What is the remainder when 87846 is divided by 31?
23
Calculate the remainder when 841426 is divided by 841415.
11
What is the remainder when 99325 is divided by 24831?
1
Calculate the remainder when 1972869 is divided by 212.
209
What is the remainder when 367289 is divided by 165?
164
Calculate the remainder when 1889 is divided by 421.
205
Calculate the remainder when 18113 is divided by 43.
10
What is the remainder when 771243 is divided by 172?
167
Calculate the remainder when 56785 is divided by 617.
21
What is the remainder when 10068 is divided by 55?
3
What is the remainder when 467805 is divided by 176?
173
Calculate the remainder when 782332 is divided by 1766.
1760
What is the remainder when 11754 is divided by 80?
74
Calculate the remainder when 79345 is divided by 204.
193
What is the remainder when 349989 is divided by 9997?
94
Calculate the remainder when 800 is divided by 354.
92
Calculate the remainder when 6231 is divided by 297.
291
What is the remainder when 5305 is divided by 18?
13
Calculate the remainder when 5941 is divided by 104.
13
Calculate the remainder when 255933 is divided by 2169.
2160
What is the remainder when 823 is divided by 189?
67
What is the remainder when 592 is divided by 48?
16
Calculate the remainder when 23732 is divided by 746.
606
What is the remainder when 27251 is divided by 34?
17
What is the remainder when 437 is divided by 426?
11
Calculate the remainder when 1307 is divided by 919.
388
What is the remainder when 1622331 is divided by 642?
639
What is the remainder when 178236 is divided by 61?
55
What is the remainder when 84868 is divided by 309?
202
Calculate the remainder when 352196 is divided by 347.
338
Calculate the remainder when 559 is divided by 33.
31
Calculate the remainder when 10510 is divided by 219.
217
Calculate the remainder when 20860 is divided by 71.
57
What is the remainder when 69677 is divided by 61?
15
Calculate the remainder when 764 is divided by 11.
5
What is the remainder when 119696 is divided by 140?
136
Calculate the remainder when 14415 is divided by 82.
65
Calculate the remainder when 213359 is divided by 30.
29
What is the remainder when 235163 is divided by 58788?
11
Calculate the remainder when 68718 is divided by 36.
30
Calculate the remainder when 49100 is divided by 4908.
20
What is the remainder when 1270303 is divided by 423433?
4
What is the remainder when 3096148 is divided by 15?
13
What is the remainder when 10786 is divided by 67?
66
What is the remainder when 661333 is divided by 106?
105
Calculate the remainder when 76322 is divided by 127.
122
What is the remainder when 467 is divided by 71?
41
What is the remainder when 11303 is divided by 23?
10
Calculate the remainder when 5590 is divided by 505.
35
What is the remainder when 200848 is divided by 298?
294
Calculate the remainder when 19754 is divided by 386.
68
Calculate the remainder when 6639 is divided by 252.
87
What is the remainder when 21303 is divided by 425?
53
What is the remainder when 137285 is divided by 18?
17
Calculate the remainder when 77868 is divided by 282.
36
Calculate the remainder when 109673 is divided by 5220.
53
What is the remainder when 2283 is divided by 284?
11
What is the remainder when 23173 is divided by 77?
73
What is the remainder when 2138 is divided by 89?
2
What is the remainder when 91753 is divided by 250?
3
Calculate the remainder when 26789 is divided by 75.
14
Calculate the remainder when 8518